5992821?
True
Does 9 divide 33507?
True
Is 65287 a multiple of 45?
False
Is 4723262 a multiple of 37?
False
Is 87978 a multiple of 11?
True
Does 19 divide 4877528?
True
Does 31 divide 1428542?
True
Does 12 divide 701556?
True
Does 10 divide 36759?
False
Is 85139 a multiple of 5?
False
Does 5 divide 200910?
True
Is 13 a factor of 5347194?
False
Is 5 a factor of 6845019?
False
Is 688698 a multiple of 439?
False
Does 128 divide 1664?
True
Is 268 a factor of 1171474?
False
Is 1889445 a multiple of 233?
False
Is 269217 a multiple of 27?
True
Is 10335 a multiple of 58?
False
Does 1440 divide 1771200?
True
Is 21 a factor of 6657?
True
Is 359 a factor of 2103406?
False
Does 650 divide 1358791?
False
Is 130492 a multiple of 246?
False
Is 206 a factor of 3193412?
True
Is 949767 a multiple of 89?
False
Does 688 divide 11870775?
False
Is 1295310 a multiple of 43?
False
Is 649202 a multiple of 31?
True
Is 273 a factor of 542724?
True
Is 9478614 a multiple of 17?
False
Is 63 a factor of 23554?
False
Is 77380 a multiple of 10?
True
Does 53 divide 125610?
True
Is 158990 a multiple of 6?
False
Does 204 divide 179316?
True
Does 83 divide 293903?
True
Is 76 a factor of 258476?
True
Does 66 divide 66503?
False
Is 6015288 a multiple of 4?
True
Is 624450 a multiple of 150?
True
Is 2564282 a multiple of 19?
False
Does 67 divide 143846?
False
Does 148 divide 617604?
True
Is 237 a factor of 3095220?
True
Is 399 a factor of 1784727?
True
Does 1001 divide 14964950?
True
Is 4 a factor of 116012?
True
Is 268047 a multiple of 9?
True
Is 21104639 a multiple of 68?
False
Is 18 a factor of 138978?
True
Does 10 divide 307409?
False
Does 284 divide 7248098?
False
Is 5322106 a multiple of 25?
False
Is 19 a factor of 651301?
True
Does 173 divide 19405082?
False
Is 20 a factor of 41260?
True
Is 1445757 a multiple of 911?
True
Does 11 divide 44253?
True
Does 120 divide 1161360?
True
Is 4 a factor of 64817?
False
Is 1250 a factor of 12520000?
True
Is 9 a factor of 484424?
False
Is 21813559 a multiple of 19?
False
Is 9 a factor of 56148?
False
Is 226980 a multiple of 12?
True
Does 57 divide 281808?
True
Does 29 divide 928?
True
Does 13 divide 67131?
False
Does 23 divide 5703?
False
Is 16 a factor of 1200208?
True
Does 413 divide 6037667?
False
Is 2588662 a multiple of 246?
False
Is 2 a factor of 115847?
False
Is 27 a factor of 148284?
True
Is 13 a factor of 256425?
True
Is 1117787 a multiple of 11?
True
Is 2436 a factor of 37324392?
True
Is 22 a factor of 24750?
True
Is 538324 a multiple of 211?
False
Is 20 a factor of 539900?
True
Does 443 divide 312964?
False
Is 931560 a multiple of 10?
True
Does 9 divide 40041?
True
Is 5 a factor of 3034090?
True
Is 450 a factor of 938518?
False
Does 114 divide 333325?
False
Is 348890 a multiple of 21?
False
Does 5 divide 1477767?
False
Does 45 divide 139500?
True
Is 18830 a multiple of 7?
True
Does 62 divide 143687?
False
Does 19 divide 10996231?
True
Does 52 divide 33592?
True
Is 1205416 a multiple of 47?
False
Is 41 a factor of 43132?
True
Does 33 divide 10222806?
True
Is 35488 a multiple of 8?
True
Is 161 a factor of 784070?
True
Does 155 divide 810150?
False
Is 670464 a multiple of 48?
True
Does 30 divide 465005?
False
Is 23999 a multiple of 10?
False
Does 98 divide 119408?
False
Is 4434447 a multiple of 2002?
False
Is 12817 a multiple of 24?
False
Is 1959521 a multiple of 29?
False
Is 1169 a factor of 10628000?
False
Does 244 divide 134444?
True
Is 13 a factor of 156409?
False
Is 4 a factor of 6044?
True
Is 30 a factor of 31806?
False
Does 263 divide 106515?
True
Does 577 divide 818186?
True
Is 41 a factor of 528205?
False
Is 625 a multiple of 10?
False
Is 22 a factor of 186978?
True
Is 4159611 a multiple of 527?
True
Does 868 divide 967592?
False
Is 65988 a multiple of 141?
True
Is 4 a factor of 1320?
True
Is 483 a factor of 211887?
False
Does 21 divide 9292374?
True
Is 304 a factor of 9726248?
False
Is 352288 a multiple of 176?
False
Does 69 divide 1590054?
False
Is 659088 a multiple of 443?
False
Is 21894600 a multiple of 156?
True
Does 36 divide 507245?
False
Does 15 divide 498405?
True
Is 44623 a multiple of 28?
False
Does 46 divide 53452?
True
Does 52 divide 710262?
False
Is 5862456 a multiple of 996?
True
Is 34149 a multiple of 159?
False
Is 1578309 a multiple of 111?
True
Is 132 a factor of 418736?
False
Is 23 a factor of 5842184?
True
Is 874620 a multiple of 60?
True
Is 249858 a multiple of 9?
True
Is 86039 a multiple of 97?
True
Is 33 a factor of 35934855?
True
Is 49313 a multiple of 36?
False
Is 13578260 a multiple of 435?
False
Is 6301586 a multiple of 5?
False
Is 653155 a multiple of 14?
False
Is 137046 a multiple of 53?
False
Does 288 divide 1097752?
False
Is 214500 a multiple of 15?
True
Does 19 divide 17803038?
True
Is 75 a factor of 207606?
False
Is 2454912 a multiple of 384?
True
Is 136 a factor of 3820293?
False
Is 2880481 a multiple of 61?
True
Is 955 a factor of 1631140?
True
Does 17 divide 5873804?
False
Is 12348 a multiple of 7?
True
Is 368501 a multiple of 510?
False
Does 4 divide 705976?
True
Does 64 divide 11303?
False
Is 21 a factor of 4585337?
False
Does 43 divide 96353?
False
Is 164600 a multiple of 16?
False
Is 9515876 a multiple of 134?
True
Is 302172 a multiple of 447?
True
Is 136 a factor of 117202?
False
Does 9 divide 6809894?
False
Is 18 a factor of 1835909?
False
Is 126 a factor of 1192086?
True
Is 31 a factor of 6570121?
False
Does 215 divide 930857?
False
Is 70 a factor of 972221?
False
Is 43 a factor of 8183617?
False
Is 16 a factor of 18650544?
True
Is 3 a factor of 8076?
True
Does 11 divide 55099?
True
Is 5 a factor of 2525595?
True
Does 194 divide 599816?
False
Is 1187145 a multiple of 851?
True
Is 33 a factor of 33725?
False
Is 89 a factor of 173105?
True
Is 10649616 a multiple of 248?
True
Does 34 divide 2002163?
False
Is 3 a factor of 14270?
False
Is 64114 a multiple of 5?
False
Is 8121918 a multiple of 42?
True
Is 3317212 a multiple of 13?
False
Is 107655 a multiple of 175?
False
Is 410998 a multiple of 3?
False
Is 24 a factor of 5185079?
False
Is 102949 a multiple of 49?
True
Does 71 divide 17206789?
False
Is 65 a factor of 70200?
True
Does 135 divide 30375?
True
Is 321206 a multiple of 53?
False
Is 45 a factor of 119475?
True
Does 991 divide 1470644?
True
Is 6 a factor of 4272?
True
Does 19 divide 4704?
False
Does 229 divide 3309074?
False
Is 4248 a multiple of 8?
True
Is 20 a factor of 2092020?
True
Is 848726 a multiple of 47?
True
Is 15 a factor of 834135?
True
Is 3020101 a multiple of 17?
True
Does 335 divide 173865?
True
Is 2817234 a multiple of 13?
False
Is 1789 a factor of 6803567?
True
Does 276 divide 249856?
False
Is 24 a factor of 509544?
True
Is 24548409 a multiple of 1977?
True
Is 162 a factor of 117831?
False
Is 2486545 a multiple of 17?
False
Is 238 a factor of 273807?
False
Is 510334 a multiple of 14?
False
Is 386527 a multiple of 46?
False
Does 310 divide 238080?
True
Does 1910 divide 5649929?
False
Is 12 a factor of 16402872?
True
Is 64 a factor of 4483700?
False
Is 1274289 a multiple of 596?
False
Does 13 divide 303082?
True
Is 247 a factor of 107831?
False
Does 82 divide 90774?
True
Is 178 a factor of 147864?
False
Is 5587 a multiple of 42?
False
Is 709552 a multiple of 244?
True
Is 393 a factor of 161084?
False
Does 26 divide 34029?
False
Does 9 divide 1098486?
True
Is 2242665 a multiple of 855?
True
Is 9485 a multiple of 5?
True
Does 69 divide 2592077?
False
Is 10 a factor of 162120?
True
Does 123 divide 577731?
True
Does 15 divide 431894?
False
Does 67 divide 3547382?
True
Does 72 divide 10634688?
True
Is 1180410 a multiple of 11?
True
Is 3803640 a multiple of 120?
True
Is 15 a factor of 2234790?
True
Is 294 a factor of 573939?
False
Is 431647 a multiple of 13?
False
Is 2418024 a multiple of 37?
True
Is 139 a factor of 382806?
True
Is 13 a factor of 2258820?
False
Is 1736228 a multiple of 193?
True
Is 32 a factor of 243649?
False
Is 5829054 a multiple of 31?
True
Is 137112 a multiple of 29?
True
Is 46 a factor of 3435372?
True
Is 236 a factor of 458252?
False
Is 137 a factor of 2426639?
False
Is 234 a factor of 7525817?
False
Is 252 a factor of 1600886?
False
Does 47 divide 2190147?
False
Is 26352 a multiple of 10?
False
Does 167 divide 25355777?
True
Is 1868828 a mult